the prime factors of f?
2
Let w(j) = 6*j**2 - j**2 - j**3 - 6*j + 3*j**2 + 15. What are the prime factors of w(6)?
3, 17
Let j(t) = -t**2 - 2*t + 37. Let w be j(-7). Let k(u) = 9*u + 7. Let p be k(5). Suppose w*i = -0*i + p. List the prime factors of i.
2, 13
Suppose -5*f - g + 325 = 0, 2*g = -f + 6*g + 86. What are the prime factors of f?
2, 3, 11
Suppose -w + 8 = -3*w. Suppose -69 + 13 = -14*b. List the prime factors of b/6*(-78)/w.
13
Let x = -24 + 44. Let k be (-2 - -3)/(5/x). Suppose -3*z = -4*j + z + 140, -k*j + z = -125. What are the prime factors of j?
2, 3, 5
Let p be 978/(-42) - 4/(-14). Let d = 25 + p. Suppose -12 = -2*s + 6*s, -2*s - 86 = -d*g. What are the prime factors of g?
2, 5
Suppose 2*v + 3993 = 5*r, 3*r - 4*v - 3910 = -1517. List the prime factors of r.
17, 47
Let y = 21 - 15. Suppose 0 = y*j - 13*j + 266. List the prime factors of j.
2, 19
Suppose -10 = -3*l + 8*l. Let b be l/(-6) - (-1696)/24. Suppose -19 - b = -3*q. List the prime factors of q.
2, 3, 5
Let v = 76 + -20. Suppose -c + 0*c + v = 0. What are the prime factors of c?
2, 7
Suppose c + 2 + 2 = 0. Let v(p) = -p**3 - 4*p**2 - 7*p - 9. List the prime factors of v(c).
19
Suppose 0 = -3*s + l + 3*l + 330, -s - 4*l + 94 = 0. List the prime factors of s.
2, 53
Let b = 1430 + 113. List the prime factors of b.
1543
Let b be 38 + -1 + 1 + 2. Let v be (-1014)/54 - 3/(81/6). Let k = b + v. What are the prime factors of k?
3, 7
Let q(u) = -95*u - 59. List the prime factors of q(-3).
2, 113
Let w(g) = 2619*g**3 + 2*g**2 - 4*g + 1. What are the prime factors of w(1)?
2, 7, 11, 17
Suppose 2*p + 2*q = 0, -14 = -4*p + 4*q + 2. Suppose -a - 45 = -p*a. Suppose -5*d + a = -90. List the prime factors of d.
3
List the prime factors of (-4)/30 + (-12)/(-90) + 495.
3, 5, 11
Suppose 0 = 7*q - 608 - 3641. List the prime factors of q.
607
Let i(y) = -5*y + 18. Let u be i(9). Let z = u - -35. List the prime factors of z.
2
Let s(h) = 8*h**2 + 2*h + 1. Let o be s(-1). Let d = -2 + o. Suppose 3*u = d*u - 38. List the prime factors of u.
19
List the prime factors of 1 + 1205 + 8 + 2.
2, 19
Let n = -44 + 11. Suppose -4 - 1 = -5*x. List the prime factors of 2/4*(x - n).
17
Let s = 265 - 104. List the prime factors of s.
7, 23
Suppose 4*h = 4*v + 1 - 17, -2*v = 4*h - 2. Suppose -4*q + 158 = 5*a, -q - a + 150 = v*q. List the prime factors of q.
37
Let j = -15 + -1. What are the prime factors of -452*(-3 - 44/j)?
113
Let t(a) = 5*a + 2. Let n be t(14). Suppose 0 = -5*j + 578 + n. What are the prime factors of j?
2, 5, 13
Suppose 203 = -20*p + 23. What are the prime factors of 1586/10 + (p/15 - -1)?
3, 53
What are the prime factors of ((-24)/(-36))/((-12)/(-18666))?
17, 61
Let q = 31 + -54. Let a = 57 + q. What are the prime factors of a?
2, 17
Let u be ((-9)/(-6))/((-3)/(-6)). Suppose u*c + 3 = 18. Suppose -c*h = 3*x - 66, x + 0*x + h - 22 = 0. What are the prime factors of x?
2, 11
Let u = 0 - -6. Suppose u*h + 90 = 9*h. Let p = h - 26. List the prime factors of p.
2
Let b(z) = z + 3. Let a(q) = 2*q + 3. Let s(l) = -2*a(l) + 3*b(l). Suppose 0 = -0*i - 2*i + 5*w + 10, 0 = -3*i - 4*w - 31. List the prime factors of s(i).
2
Let p = 3043 - -1611. List the prime factors of p.
2, 13, 179
Let v be (-3)/(21/11 - 2). Suppose -8*j + 33 = 161. Let c = j + v. What are the prime factors of c?
17
Let d = -272 - -182. List the prime factors of (5/(-10))/(3/d).
3, 5
Suppose 45*p + 5427 = 41697. List the prime factors of p.
2, 13, 31
Suppose 4*z - 5*b + 176 = 0, 2*z = -2*b - 3*b - 58. Let s = 38 - z. What are the prime factors of s?
7, 11
Let u(k) = -2*k**2 + 23*k + 145. Let v be u(-6). Let b = 77 - -40. Let i = v + b. What are the prime factors of i?
2, 13
Suppose 2*u = -5*u + 49. Let i(o) = o**2 - 5*o - 9. Let l be i(u). Suppose -s - 2*s + 177 = 4*m, -l*s - 5 = 0. What are the prime factors of m?
3, 5
Let d = -320 + 797. List the prime factors of d.
3, 53
Let k = -8 - -8. Suppose -5*t = 4*z - 41, -4*z - 3*t = -k*t - 31. Suppose 0 = y - z, 5*b = -y + 36 - 7. List the prime factors of b.
5
Suppose -14*h - 10935 = -23*h. What are the prime factors of h?
3, 5
Let i(w) = -141*w - 295. List the prime factors of i(-14).
23, 73
Let n = -161 + 322. Let g = n - 86. What are the prime factors of g?
3, 5
Suppose -5*w - 20 = 0, -3*h + 2*w + 12 = -11. Suppose 6*d - h*d = 80. List the prime factors of 2 + (d/4 - 3).
19
List the prime factors of (75 - 0) + (-315)/35.
2, 3, 11
Let n(a) = a + 8. Let k be n(-8). Suppose k = -w - w + 106. List the prime factors of w.
53
Let u = -122 - -207. Suppose 2*f - 48 = -5*y + 202, -3*y + 150 = f. Suppose -b = n + n - u, n - y = 2*b. List the prime factors of n.
2, 11
Let l(a) = -51*a + 218. What are the prime factors of l(-9)?
677
Suppose -8*n - 3096 = -13*n - z, -2*z + 621 = n. What are the prime factors of n?
619
Let z(c) = -4*c - 2. Let h be z(-2). Let k be (-436)/(-16) - h/(-8). Suppose s - 2*y - k = -0*y, 4*y + 80 = 3*s. List the prime factors of s.
2, 3
Suppose -4*d - 29 = 3*s, 14 = d + s + 4*s. Let r = 35 + d. Let j = r - 4. What are the prime factors of j?
2, 5
Suppose 2497*a - 2510*a + 27417 = 0. What are the prime factors of a?
3, 19, 37
Let k = -91 - -94. Suppose -k*u + 2*a = -a - 123, 20 = -5*a. What are the prime factors of u?
37
Let y(p) = -7*p + 11. Let k(v) = 10*v - 16. Let a(q) = -5*k(q) - 7*y(q). Let w be a(1). List the prime factors of -4 - w*(-172)/8.
3, 13
Let f(a) = 133*a**2 - 3*a + 2. Let w be f(1). Let u = w - 72. Let x = u - 10. List the prime factors of x.
2, 5
Let q = -809 + 530. Let v = -197 - q. List the prime factors of v.
2, 41
Suppose -7*m + 9*m = -4*b + 1246, 3*b = -2*m + 1248. List the prime factors of m.
3, 11, 19
Let l(s) = s**3 - 8*s**2 + 7*s + 6. Let q be l(7). Suppose -7*b = -q*b. Suppose -72 = x - 3*x - v, -x + 5*v + 58 = b. What are the prime factors of x?
2, 19
Let m = 25 - 13. Let r = -11 - -13. Suppose 4 = r*j - m. List the prime factors of j.
2
Let n(o) = o**3 - 5*o**2 + o + 3. Let c be n(5). Let i(f) = 11*f + 7*f - 21*f**3 + 7*f**2 + 1 + 20*f**3 - 8*f. List the prime factors of i(c).
17
Let g(k) = 3*k**2 - 24*k - 13. What are the prime factors of g(-6)?
239
Let f be (-10)/(-4)*(-3 - -1). Let r = f - -5. Suppose r = 4*g - 32 - 4. What are the prime factors of g?
3
Let w be 4/(-12)*(-24)/4. Suppose w*r + 300 = 6*r. What are the prime factors of r?
3, 5
Suppose -2*p + 2*q = -2072, -8*p + 13*p - 2*q - 5189 = 0. List the prime factors of p.
1039
Suppose -4*b = -12 - 8. Suppose -b*c = -201 - 34. What are the prime factors of c?
47
Let o be ((-2888)/13)/(-1) + 12/(-78). Suppose 0 = -2*i + m + o, m - 5*m - 561 = -5*i. List the prime factors of i.
109
Let r(d) = 2*d**3 - 2*d**2 + 2. Let x be r(6). Let y be x/14 - 1/(-7). What are the prime factors of (0 - -1) + 1 + y?
2, 7
Suppose -5*s = -22 + 2. Let h be s/14 - 515/(-35). Suppose -2*z + h = -39. List the prime factors of z.
3
Let q(z) = z**2 + 8*z + 9. Let r = -20 + 14. Let h be q(r). Let c = h + 39. What are the prime factors of c?
2, 3
Let o(a) = -a**3 + 6*a**2 - 4*a - 1. Let k be o(5). Suppose -p = 3*n + 4, p + k + 0 = -4*n. Suppose n*j + j = 6. What are the prime factors of j?
2, 3
Suppose 0 = -3*a - 0*a + 60. Let r be (-40)/a*5/2. What are the prime factors of 36/(-4)*r - -3?
2, 3
Suppose -11*m - 204 = -1469. What are the prime factors of m?
5, 23
Suppose -u + 2780 = 4*u + 3*v, 0 = -5*v + 25. Suppose 2*z + u = 5*p + 13, -5*p + 3*z + 535 = 0. What are the prime factors of p?
2, 5, 11
Let i(c) = -c**3 + 10*c**2 + 14*c - 26. Let h be i(11). Let z(b) = 4*b + 5. Let n be z(-5). Let t = h - n. List the prime factors of t.
2, 11
Suppose -5*i - s - s - 24 = 0, i - 4*s + 18 = 0. Let x be (8/i)/((-2)/186). Suppose -n = -2*u + n + 74, -4*u = 2*n - x. What are the prime factors of u?
3, 11
Let n = 23 - 21. Suppose i = -n, -o + 64 = -3*i - 11. List the prime factors of o.
3, 23
Let q(b) = 5*b + 4. Let m be (108/(-48))/(15/(-12) + 1). List the prime factors of q(m).
7
Let y = 10973 + -4780. What are the prime factors of y?
11, 563
Suppose -2403 - 6122 = -11*t. What are the prime factors of t?
5, 31
Let r be (-2)/8 + 5/20. Suppose r*b + 92 = 4*b. Let i = 7 + b. List the prime factors of i.
2, 3, 5
Let z(q) = -q**3 + 7*q**2 - 11*q - 24. What are the prime factors of z(-6)?
2, 3, 5, 17
Let m(x) = 46*x - 13*x + 